pose 6*b - 4*b - 3*y - 502 = 0, 4*y + 754 = c*b. What are the prime factors of b?
2, 127
Let t(j) = 24*j**2 + 25*j - 110. Suppose 170 = 16*g + 58. List the prime factors of t(g).
17, 73
Let y(s) = s**3 - 28*s**2 + 31*s + 46. Let n be y(29). Suppose 0 = -3*w - 4*o + n, 0 = 4*w - 0*o - 3*o - 2373. What are the prime factors of w?
2, 3, 11
Suppose 3*z - 11*z - 32*z = -1387880. What are the prime factors of z?
13, 17, 157
Suppose 4 - 20 = -16*m. Let f(y) = 9*y**2 - y + 2. Let r be f(m). Let l(b) = b**3 - 7*b**2 - 11*b - 7. What are the prime factors of l(r)?
3, 61
Suppose 0 = -2*g - 4*g. Suppose 9*r - 5*r - 464 = g. Suppose 4*u - 8*u = -r. What are the prime factors of u?
29
Suppose -2*c + 4*b = -76, 5*b - 20 - 127 = -3*c. Let n = c - -20. Suppose 4*v - 20 = n. List the prime factors of v.
3, 7
Suppose 24*s + 5*s = 217928 - 52744. What are the prime factors of s?
2, 89
Let x(h) = -2*h**2 - 47 + 2*h**2 + 10 + 4243*h + h**2 - 4231*h. Let c = -37 - -21. List the prime factors of x(c).
3
Let s(v) = v**3 + 27*v**2 + 17*v - 16. Let n be s(-25). Suppose 4*f - n = 2*j + 5, -4*f + 805 = j. Let g = -117 + f. List the prime factors of g.
5, 17
Let j(q) = -3563*q + 6594. What are the prime factors of j(-14)?
2, 7, 2017
Let g(p) = p**2 - 4*p - 3. Suppose -1 = -z + 2. Let q be 3*(-4)/z*-3. What are the prime factors of g(q)?
3, 31
Let u(y) = -y**2 + 8*y + 50. Let v be u(13). Let h(z) = -19*z + 97. List the prime factors of h(v).
2, 191
List the prime factors of (555/(-15) + 9)/((-6)/15942).
2, 7, 2657
Let f(r) = -r**3 - 24*r**2 - 3*r + 29. Let g be f(-23). Let p = -218 - g. Let z = 327 - p. List the prime factors of z.
2, 3, 19
Suppose c + 4*v = 4, -6*c + v = -8*c + 1. Suppose c = 20*x + 6961 - 26021. List the prime factors of x.
953
Let n(b) = 3512*b + 10690. List the prime factors of n(-3).
2, 7, 11
Let s = 2537 - 1059. What are the prime factors of s?
2, 739
Suppose -16*p = -108222 - 2166 - 39756. List the prime factors of p.
2, 3, 17, 23
Suppose 2*i = v - 244, 21*i - 20*i = -3*v + 718. Suppose -v*a + 825 = -237*a. List the prime factors of a.
5, 11
Let t(m) = -45*m - 63. Let w = -132 - -119. What are the prime factors of t(w)?
2, 3, 29
Let u(t) = 10*t + 24. Let c be u(-7). Let j be (-943)/c*(3 + (-1)/1). Suppose -j - 97 = -3*l. List the prime factors of l.
2, 23
List the prime factors of ((-2)/14)/(5/(-10)) - (-46888998)/2639.
2, 2221
Let b be ((-19)/95 + 10934/(-30))*-3. Suppose s = 4*k - 2*s - b, -5*k + 1362 = -s. List the prime factors of k.
2, 17
Let b be (2/4)/((-63)/(-14) - 4). What are the prime factors of 85/b*((-31)/5 + 7)?
2, 17
Suppose 0*s = 5*y + 4*s - 14, -2*y - s + 5 = 0. Let v be 2 - ((-3 - -1)*2 + y). List the prime factors of ((-5)/(-15))/(v/(-6))*-66.
3, 11
Let d = -420 + 913. Suppose w - 68 = -p + d, -3*w - 4*p = -1678. Suppose 5*k + 66 = w. List the prime factors of k.
2, 5
Let y(c) = 8*c + 58. Let u be y(-9). Let p = u + 5. What are the prime factors of 9/p*28*(-25)/4?
5, 7
Let h = 5714 + -655. What are the prime factors of h?
5059
Let u(i) = 8*i**2 + 5*i - 8. Suppose -d - 3*d + 12 = 0. Let l be u(d). Suppose -84*q + 810 = -l*q. What are the prime factors of q?
2, 3
Suppose 0 = -y + 4*d + 3715, -5*y + 3*d + 15136 = -3422. Suppose 37*w - 16972 = y. What are the prime factors of w?
13, 43
Suppose 3*t + 2*l - 271 = -0*l, 4*t - 4*l = 388. Suppose -3*o = 0, 3*u + 2*o - t = 2*u. What are the prime factors of u?
3, 31
Suppose 0*x + 5*z - 27 = -4*x, 0 = -x + 3*z - 6. Suppose x*s = -4*v + 2056, 4*v = 5*v - s - 514. What are the prime factors of v?
2, 257
Suppose 4*r - 2*r + 16 = 0. Let a be (-6)/(30/r + 3). Suppose 0 = -2*g + 296 - a. List the prime factors of g.
2, 3
Let i = 13045 + -11796. List the prime factors of i.
1249
List the prime factors of (-134064)/(-176) + 3/11.
2, 3, 127
Let k be 75/(-18) - (-1)/6. Let p = k + 24. Suppose 23*d - p*d = 48. What are the prime factors of d?
2
Suppose 37*l = 11*l + 2184. Suppose 0*g + l = 4*g + n, 2*n + 63 = 3*g. What are the prime factors of g?
3, 7
Suppose 23*p + 6288786 = 128*p + 157*p. List the prime factors of p.
3, 7, 127
Let c be (-4 - -8) + 2 + -2. Let h(v) = c*v**2 + 2 + 11*v + 17*v - 30*v. What are the prime factors of h(-4)?
2, 37
Suppose c - 236 = s + 485, 3*c - 2143 = -2*s. What are the prime factors of (-160)/(-8)*c/12?
5, 239
Suppose -12*f - 22632 = 4980. Let m = 4011 + f. What are the prime factors of m?
2, 3, 5, 19
Let h(d) = 224*d + 89. Let f be h(5). Let x = f - -398. List the prime factors of x.
1607
Suppose 4 = 2*t - 2*r - 0, 4 = 2*t + 2*r. Suppose -t*l + 32 = 6*l. Suppose b = l*o - 592, -3*o + 4*b = -0*b - 444. List the prime factors of o.
2, 37
Let q be (1 - -2)/(30/40). Let n be 18/(-15)*10/q + 1. What are the prime factors of (3 + (-465)/6)/(1/n)?
149
Let m = -108 + 111. Suppose 630 = -0*y + 3*y + 5*x, 660 = m*y - 5*x. Let l = y - 87. List the prime factors of l.
2
Suppose 242 = 3*y + 224. Let a(b) = -7 - 2*b + 10*b - 2 + 1. What are the prime factors of a(y)?
2, 5
Let i(y) = 4*y**3 + 55*y**2 + 23*y - 120. List the prime factors of i(-13).
2, 11
Suppose -116 + 16 = -2*i. Let y(u) = u**2 + 16*u - 19. Let h be y(-14). Let z = i + h. What are the prime factors of z?
3
Suppose -2*k = 2*b - 3022, -172 + 176 = 2*k. List the prime factors of b.
3, 503
Let m be 27004/68 + (-3 - (-49)/17). Let f = -138 + m. List the prime factors of f.
7, 37
Let c(f) = -11*f**3 - 7*f - 2*f**2 - 13*f**3 + 8*f**3 - 8. What are the prime factors of c(-2)?
2, 3, 7
Let v(n) = -n**2 - 3*n - 4. Let s be v(-2). Let h be s/10 + 2640/75. List the prime factors of 1 + 3 + h - 3.
2, 3
Let w = -1779 + 760. Let l = w - -1483. List the prime factors of l.
2, 29
Suppose -3*p + 76621 = -4*f + 2*f, -f - 2 = 0. What are the prime factors of p?
3, 8513
Suppose 13*b - 10244 = -1053. List the prime factors of b.
7, 101
Let d = -222 + 224. Suppose 16 = -2*v + 214. Suppose v + 23 = d*l. List the prime factors of l.
61
Suppose 2*r = t + 136, 3*t - 256 = -4*r + t. Let d = r + -65. What are the prime factors of d*2/4*286 + -2?
3, 47
Let i(u) = -4*u**2 - 9*u + 17. Let a(c) = -c**2 - 10*c + 15. Let b(s) = 6*a(s) - 5*i(s). List the prime factors of b(8).
11, 71
Suppose 30*w = -25*w + 5*w + 74800. What are the prime factors of w?
2, 11, 17
Let b(s) = 51166*s**3 + 5*s - 3. List the prime factors of b(1).
2, 3, 13, 41
Let i = 11 - 8. Suppose -i*h = -4*s + 3165, -2*s = -h - 1916 + 335. What are the prime factors of s?
3, 263
Let f be (414/51 - 8) + (-6116)/(-34). Suppose -21*s + 1230 = f. What are the prime factors of s?
2, 5
Let a be 270/(-81)*9/(-15). Suppose 3*m = 12 + 39. Suppose 2*x + 3*c + m = 182, -a*c - 10 = 0. What are the prime factors of x?
2, 3, 5
Suppose -4*t = -4*y - 107745 + 28997, 4*t = 3*y + 78741. List the prime factors of t.
2, 3, 5, 41
Let w be (-36)/(-162) + (-137)/9. Let r be 166/(-1079) + -1*30554/(-26). What are the prime factors of -3*1*r/w?
5, 47
Suppose 73*b + 64*b - 233545 = 669833. List the prime factors of b.
2, 3, 7, 157
List the prime factors of 1265/(-115) + (-10403)/(-1).
2, 3, 433
Suppose 4*a + 139 + 1 = 0. Let o = a + 36. List the prime factors of (-2)/(-6)*9 + o.
2
Suppose -5*q + 4*q + 1062 = 3*r, -3154 = -3*q - r. Let y be (q/(-154) + 4/(-22))/(-1). Let f(c) = 23*c + 1. List the prime factors of f(y).
2, 3
Let v be (-14)/(-3)*36/14. Let n = v + 25. Let w = 55 - n. What are the prime factors of w?
2, 3
Let q = 24603 + -16394. List the prime factors of q.
8209
Let q = 4096 + -1747. List the prime factors of q.
3, 29
Let k be ((-579)/2)/(6/(-8)). Suppose -3*x - 937 = -5*b - 216, -5*b - 903 = 4*x. Let c = x + k. List the prime factors of c.
2, 7, 11
Let b(f) = f**3 + 4*f**2 + 2*f + 2. Let w be b(-3). Suppose 0*q - w*q = 0. Suppose -3*d + 176 = -q*d - 2*m, d + 4*m = 68. List the prime factors of d.
2, 3, 5
Let s be 6*-8*3996/(-72). Let g = -1033 + s. List the prime factors of g.
7, 233
Let y(m) = 210*m**2 + 21*m + 69. Suppose 0 = -2*b - 5*z + 4, 29 = -3*b - 3*z + 26. What are the prime factors of y(b)?
2, 3, 79
Let c(t) = -t**2 + 12*t - 7. Let w be c(11). Suppose -3*y + 2*i + 135 + 195 = 0, -4*i = w*y - 420. Let j = y + -81. List the prime factors of j.
3
Suppose 0 = 2*t + 3 + 3. Let c be 247 - ((t - (-3 + 3)) + 2). Suppose -160 = -h - 3*f, f - 67 = -2*h + c. What are the prime factors of h?
157
Let